 q + 15. Calculate the greatest common divisor of 4 and z.
4
Let r be -3 - (3 - 6) - -9. Suppose r = -g + 4*g. Calculate the highest common divisor of 6 and g.
3
Let o(i) be the third derivative of i**5/60 + 2*i**3/3 - i**2. Let j be o(4). What is the greatest common divisor of 30 and j?
10
Suppose 364 = 5*p - 461. What is the greatest common factor of 15 and p?
15
Suppose -7*b + 439 + 793 = 0. What is the highest common factor of 16 and b?
16
Let g(o) = o - 9. Let f be g(7). Let r be (-5)/(2*f/12). What is the highest common factor of r and 15?
15
Suppose 19*g = 13*g + 96. Let x = 235 - 7. Suppose r - 68 = 3*i, 3*r = i + 2*i + x. Calculate the greatest common factor of g and r.
16
Let t(b) = 2*b - 5. Let i be t(7). Suppose -3*h + 5*s = -35 + i, 65 = 5*h - 4*s. Let c = -25 + 42. What is the greatest common factor of h and c?
17
Let s(h) = 13*h + 21. Let z be s(8). What is the highest common factor of 50 and z?
25
Let o = -24 - -28. Suppose -31 = -3*f - 2*k, -5*f + 0*f - o*k + 53 = 0. Calculate the greatest common factor of f and 27.
9
Let s = 5 + 49. Let o(d) = 6*d**3 - d**2 + 1. Let p be o(1). Calculate the greatest common factor of p and s.
6
Let l be (-2346)/(-10) - 4/(-10). Let j = l + -127. Calculate the highest common factor of j and 12.
12
Let c(l) = l**2 + 6*l - 12. Let o be c(-9). Calculate the highest common factor of o and 15.
15
Let k be 1 + (-3)/1 + 11. Calculate the greatest common factor of 45 and k.
9
Let g be ((-4)/(-6))/(3/18). Let y = g + -2. What is the highest common divisor of 18 and y?
2
Suppose 4*k + 58 = -38. Let r be k*(-3 + 16/6). Let h = 1 + 3. What is the greatest common factor of h and r?
4
Suppose 0 = 6*p - p - 30. Suppose 5*z = p*m - 3*m - 211, -m - 3*z = -75. What is the greatest common divisor of m and 9?
9
Let x = 17 - 2. What is the greatest common factor of 135 and x?
15
Let v = 22 + -19. Let p = 1 - -11. Calculate the highest common factor of v and p.
3
Let i be (0 + 1/3)*9. Let h be 1/(1/7)*i. Calculate the greatest common factor of h and 147.
21
Let l be (22/10)/(1/5). Calculate the highest common factor of 88 and l.
11
Suppose -20 = -5*a + 4*a. Suppose 3*s + 5*w + 465 = 7*s, 5*w + 105 = s. Calculate the greatest common divisor of s and a.
20
Let n(m) = -2*m - 5. Let d be n(-3). Let a be 0 + (1 - -1) + d. Calculate the highest common divisor of 15 and a.
3
Let u(z) = -5*z + 5. Let c be u(3). Let l be (-4 - -3 - c) + -1. Let o(s) = s + 12. Let k be o(0). What is the highest common factor of l and k?
4
Let b be 3/(2/((-38)/(-3))). Calculate the highest common factor of b and 209.
19
Suppose 0 = -5*h - 0*h - 340. Let c be (-4)/10 + h/(-20). Let q = 17 + c. Calculate the greatest common divisor of 8 and q.
4
Let t = 253 - 176. Calculate the greatest common divisor of 11 and t.
11
Suppose 3*d - 18 = -4*b, 5*b - 11 = -d + 3*d. Suppose -d - 6 = -t. What is the highest common divisor of t and 4?
4
Let n = 8 - 6. Suppose j + n*j = 18. Let r = 22 + -16. Calculate the highest common factor of j and r.
6
Let b(t) = 2*t**2 + 3 - 3*t**2 + 1 + 8*t. Let w be b(8). Calculate the highest common factor of w and 2.
2
Suppose 0 = s - 2*s + 2. Let k = -38 - -56. What is the greatest common divisor of s and k?
2
Let q(v) = 2*v**2 + 1. Let l be q(-1). Let s be 0 - 39*(-4)/l. What is the greatest common factor of s and 13?
13
Suppose -2*n + 11 + 7 = 0. Calculate the highest common factor of n and 63.
9
Suppose 6 - 18 = -3*i. Let d(p) = 12*p - 4. Let r be d(3). What is the greatest common factor of r and i?
4
Let n(h) = -h. Let y be n(4). Let q(a) = -4*a - 3. Let g be q(y). What is the highest common factor of g and 143?
13
Let x = 3 + -3. Suppose x*q = -4*q + 4. Let k(s) = s**3 - 3*s + 2. Let y be k(2). Calculate the highest common divisor of q and y.
1
Suppose 0 = -15*m + 104 + 16. Let p(t) = 6*t - 3. Let h be p(6). Suppose 1 - h = -4*s. What is the highest common divisor of m and s?
8
Let i = 0 + 38. What is the highest common factor of i and 38?
38
Suppose -3*o = -58 + 19. What is the highest common divisor of o and 143?
13
Let m be (-56)/4 - (-3 + 1). Let x = 0 - m. What is the highest common divisor of 60 and x?
12
Let y(a) = -a**2 + a + 30. Let w be y(0). What is the highest common divisor of 40 and w?
10
Suppose 2*f = 6*f - 1204. What is the highest common divisor of 43 and f?
43
Let n(u) = -u - 2. Let g be n(-4). Suppose 6 + g = 2*y. Calculate the highest common divisor of y and 4.
4
Suppose -3*l - 999 = -12*l. Calculate the greatest common factor of 37 and l.
37
Let y = 0 + -6. Let u = y + 12. Let f be (3/(-9))/((-1)/u). Calculate the greatest common divisor of f and 14.
2
Suppose -2*s - 3*b + 25 = -7, s + 4*b = 16. Calculate the highest common divisor of s and 8.
8
Suppose -5*c + 2*c = 0. Let n = 9 - c. What is the greatest common divisor of 45 and n?
9
Let m = 11 - 1. Suppose 7*i + 12 = m*i. Suppose 0 = -o, 3*h + 2*h = -4*o + 20. What is the highest common factor of h and i?
4
Suppose -d - 5*f = -41, 3*d + 2*f = -2*d + 136. What is the highest common factor of 182 and d?
26
Suppose 2*y = r - 3, -3*r - 3*y - 46 = 2*y. Let p = 4 - r. Let v be (-15)/5 + 6 + -2. What is the greatest common divisor of p and v?
1
Let x be 8/(32/60) + -6. Calculate the highest common factor of x and 90.
9
Suppose -91 = -3*d - j, j = 3*d - 52 - 37. What is the greatest common factor of d and 12?
6
Suppose 4*a + 15 = -v, 4*v - v = -3*a - 27. Let s(z) = 4*z**2 + 4*z - 8. Let f be s(v). Calculate the highest common factor of 20 and f.
20
Let j be (-4)/(-20) + (-28)/(-10). Let k(u) = u**3 - 2*u**j + 0*u**2 + 5 + 6*u**2. Let y be k(5). What is the highest common divisor of 15 and y?
15
Suppose 0 = 5*b - 3*y - 26, 5*b + 2 = 4*b + 3*y. Let q(d) = 1 + 0*d**2 + 0*d**2 - d**2 + 9*d + 9. Let a be q(b). Calculate the highest common factor of a and 8.
8
Suppose 5*m = -0*m + 55. Suppose -m = -f + 5. Let r be 2*(-6)/(-4) + 1. What is the greatest common divisor of f and r?
4
Let z be 7 - (-3 - 18/(-3)). Suppose z*f - 50 = -f. Calculate the greatest common divisor of f and 70.
10
Let z = 14 + 8. What is the highest common divisor of z and 33?
11
Suppose -4 = 8*g - 92. Let x be (-10)/(-6) + 2/(-3). What is the greatest common divisor of g and x?
1
Let q be 140/12 - (-32)/24. What is the greatest common divisor of 26 and q?
13
Let m be 225/20 - 2/8. Calculate the highest common divisor of 77 and m.
11
Let v(m) = m**3 - 8*m**2 + 9*m - 10. Let l be v(7). Suppose -c = -l*p + 74, p = -p + 4*c + 44. Calculate the highest common factor of p and 3.
3
Let o = -5 + 8. Suppose -4*y + 4*k + 48 = 0, 8*y + 3*k = o*y + 44. Calculate the greatest common factor of 70 and y.
10
Let u be 304/10 + 2/(-5). Let x = 34 - u. What is the highest common divisor of 20 and x?
4
Let g be (10/2)/(1/11). What is the greatest common factor of 5 and g?
5
Let i be 2 + ((-8)/4 - -3). Suppose -n + 138 = i*m, -3*n + 0*m - 2*m = -386. Calculate the highest common divisor of 14 and n.
14
Suppose -186 = -5*s - 5*o + 134, 3*s + o - 184 = 0. Let h be (-4)/(-14) - 78/(-21). Suppose -2*n = -h*n + 48. Calculate the greatest common factor of n and s.
12
Let w be (-4)/((-8)/22) + 1. Let p = w + 44. Suppose -4*m = m - 35. What is the greatest common factor of m and p?
7
Let f be -5 - -5 - (1 + -13). Suppose -2*a - 2*a = -120. Suppose -m = -0*m - a. What is the highest common divisor of f and m?
6
Let t = 75 + -67. Calculate the greatest common factor of t and 2.
2
Suppose 3*p + 25 = 70. What is the greatest common factor of p and 30?
15
Let p be ((-6)/(-9))/((-6)/(-90)). What is the greatest common factor of p and 10?
10
Let m(c) = c**3 - 5*c**2 - 5*c. Let k be m(5). Let d = k - -43. Let x = d - 8. Calculate the highest common factor of x and 80.
10
Suppose 0 = -4*s, 4*s + 78 = r - 0*r. Suppose 5*t - 7*t + r = 0. What is the greatest common factor of 13 and t?
13
Suppose -i - 216 = -4*i. Let g = 1 - 1. Suppose -3*k - 2*a = -16, g = -k - a + 8 - 4. What is the highest common factor of i and k?
8
Let t be (-1)/((-3)/147 + 0). Let o be (-1 - -3)*t/2. Let x = -3 - -10. Calculate the highest common divisor of o and x.
7
Let r be 88/(1 + -1 + 1). Let x(y) = -2*y**2 - 16*y + 7. Let a be x(-8). Suppose -a*f = -10*f + 24. What is the greatest common divisor of f and r?
8
Let p(b) = b**2 + 2*b - 4. Let z be p(7